 61 a factor of c?
False
Suppose 0 = 2*u + 3*g - 1300, 22*u - 4*g = 23*u - 650. Does 10 divide u?
True
Is 5/10*(1 + 1 - -678) a multiple of 38?
False
Suppose 0 = -3*t - p + 4191, -t + 455 = 5*p - 928. Does 13 divide t?
False
Suppose 4 = 3*k - 8, 0 = -5*n + 5*k + 2550. Is 14 a factor of n?
False
Let j(y) = y**2 - 15*y + 10. Let g be j(13). Suppose 5*l + r + 16 = 2*r, -r + 13 = -4*l. Let k = l - g. Is 9 a factor of k?
False
Let z = -72 - -75. Suppose -w = n - 43, n + 2*w - 21 = 19. Is n - -3 - (-9)/z a multiple of 23?
False
Let h(p) = -p**2 - 7*p - 10. Let v be h(-4). Suppose v*b + 5*y - 88 = 7*y, 2*b - 5*y = 88. Is b a multiple of 3?
False
Let p(w) = 20*w - 10*w + 27*w - 2*w. Is p(1) a multiple of 8?
False
Suppose 0 = -3*a - 2*w + 169, 4*a + 5*w - 230 = -0*w. Suppose a*n - 50 = 54*n. Does 10 divide n?
True
Let z(x) = x**2 - x - 1. Let t be z(-2). Suppose 3*v - 228 = -5*r, -t*v - 176 = -4*r - v. Is 9 a factor of r?
True
Let i = 1520 - 1353. Does 85 divide i?
False
Let q(s) = 47*s - 31. Suppose 14 = -2*t + 30. Does 15 divide q(t)?
True
Let i(y) = -y**2 - y + 1. Let z(b) = b**3 - 5*b**2 - 9*b - 5. Let m(u) = 2*i(u) + z(u). Let k be m(8). Is k/(3/4*-2) a multiple of 6?
True
Is 16 a factor of ((-32)/4)/(327/(-324) + 1)?
True
Suppose -123*h = -127*h + 5*y + 482, 4*y - 131 = -h. Is 9 a factor of h?
False
Let u be (-2)/(-7) + 38/14. Suppose -4*h + 51 = 3*y - 35, 0 = 4*y + 3*h - 110. Suppose 83 = u*a + y. Does 7 divide a?
False
Let o(i) be the first derivative of -i**2/2 + i + 8. Let c be o(-3). Suppose -5*y + 212 = -0*x - 2*x, c*y = -4*x + 192. Does 11 divide y?
True
Suppose -5*x + 19 = 4*w, 9 + 1 = 4*x - 2*w. Suppose 5*s = 3*g - 275, -x = -s + 4*s. Is 18 a factor of g?
True
Let d = 1291 - -300. Does 56 divide d?
False
Let d(g) = 4*g**3 + 8*g**2 - g + 5. Is 10 a factor of d(5)?
True
Suppose 31 = 3*g - 8. Let u = 13 - g. Is 8 a factor of 3 - (-2 - (27 + u))?
True
Let n be 3 + (-52)/16 - (-45)/20. Suppose -n*m + 9*m - 490 = 0. Is m a multiple of 10?
True
Let z = 116 - 73. Suppose -u - u = -3*k - 51, 4*k + 4*u + 48 = 0. Let d = z + k. Is 9 a factor of d?
False
Suppose 107 = z + 67. Is z a multiple of 6?
False
Is 2094/(-1 + (-24)/(-8)) a multiple of 12?
False
Suppose 3*m = -4*l + 1851, -3*m - 1744 = -3*l - 361. Does 14 divide l?
True
Let z be (-1 - -2)*50/10. Suppose 0 = z*p - 5*y + y - 929, -y = 1. Does 19 divide p?
False
Let z(o) = 4*o. Suppose -10 = -m - m. Let u be 35/14*16/m. Is 10 a factor of z(u)?
False
Let f(m) be the second derivative of 0 - 1/6*m**3 - 3*m + 0*m**2 + 13/4*m**4. Is f(-1) a multiple of 15?
False
Let f = 11 + -19. Let g(s) = -s - 8631*s**2 - s - 8 + s**3 + 8639*s**2. Is g(f) a multiple of 8?
True
Let k = 113 - 61. Is k + (9 + -2 - 4) a multiple of 11?
True
Let a = 395 + -377. Is a even?
True
Let r(z) = 3*z**2 - 2*z + 164. Let l(j) = 13*j**2 - 9*j + 656. Let n(i) = -2*l(i) + 9*r(i). Is n(0) a multiple of 17?
False
Let o(z) = -20*z + 22. Let l be o(-10). Suppose -22*q = -28*q + l. Does 5 divide q?
False
Let v = 242 + -231. Is v a multiple of 11?
True
Suppose 0 = -2*s + 2*p - 2, -5*p = -4*s - 8 + 2. Let b(a) = -a**3 + 5*a**2. Let j be b(5). Is 12 a factor of 12 - (0 - j)/s?
True
Let z be (-55)/10 + 2/(-4). Let x(p) = p**2 - 15*p - 25. Let g(m) = -2*m**2 + 38*m + 62. Let h(n) = 5*g(n) + 12*x(n). Does 7 divide h(z)?
False
Suppose -w + 63 - 34 = 0. Let r = w + -5. Does 6 divide r?
True
Suppose 0 = -45*s + 11848 + 37112. Is 68 a factor of s?
True
Let g = 851 + -410. Is g a multiple of 9?
True
Suppose 65*a - 56033 + 19308 = 0. Does 14 divide a?
False
Is ((-148)/36 - -4) + 19945/9 a multiple of 25?
False
Let i be 4/(-8) - (-22)/4. Suppose -i = -u + a, 4*a = u - 2*u + 5. Suppose -5*r - u*p = -165, 0 = -0*r + r - 4*p - 28. Does 18 divide r?
False
Suppose 0*w - 579 = -3*w. Let m = w - 130. Is 9 a factor of m?
True
Let s(u) = -9*u - 7. Let b(z) = 5*z + 3. Let f(q) = -7*b(q) - 4*s(q). Does 5 divide f(0)?
False
Let m = 4 - 15. Let z = m + 4. Let h(l) = -6*l - 17. Is h(z) a multiple of 8?
False
Suppose -2 = 2*o - 10. Suppose -o*u = -0*u - 8. Suppose 4*x = -2*p + 80, x = -u*x - 4*p + 55. Is 21 a factor of x?
True
Let k = 4 - 0. Suppose -k*z = 520 + 320. Does 7 divide (2/5)/((-3)/z)?
True
Suppose 20 = -b - 5*x, 5*b - 2*x - 2 = 6. Suppose o + 3*o + 4 = b. Does 13 divide 13/((-1)/(-2 - o))?
True
Let h = 320 + 368. Is 14 a factor of h?
False
Let m be 1/5 - (-153)/(-15). Let j be 16/(-10) - m/(-25). Does 12 divide 20/(j/(-6) + 0)?
True
Suppose 0 = -2*k + 28 + 2. Is 12 a factor of 2/(-4)*(k + -197)?
False
Let a be (-418)/(-6) + (-11)/(-33). Let z be ((-2)/(-5))/(2/40). Let n = a + z. Does 21 divide n?
False
Suppose z - 2*y = 3*z - 42, 5*y = -4*z + 84. Suppose 2*o + 7 + 19 = 0. Let x = z - o. Is x a multiple of 8?
False
Let i = -2 - 1. Let w(y) be the first derivative of -y**4/4 - y**3/3 - 3*y**2/2 - y - 74. Is w(i) a multiple of 15?
False
Suppose 4 = 2*g - 2*y - 2, 3*g - 2*y - 8 = 0. Does 14 divide g + -1 + -1 - (-1 - 51)?
False
Let x(p) = -p**3 + 29*p**2 + 7*p - 8. Is 7 a factor of x(29)?
False
Let c(y) = 8*y + 10. Let d be c(-3). Is 17 a factor of (-2384)/d + 1 + (-45)/35?
True
Does 25 divide ((-4360)/6)/5*18/(-4)?
False
Suppose -49*g + 43*g = -804. Does 37 divide g?
False
Let w(r) = -2 - 2*r**2 + r**2 + 2*r + 3*r**2 + 0*r**2. Is w(-3) even?
True
Is 5 a factor of (5/((-10)/6))/(11/(-605))?
True
Suppose -4*q = -0*m + 4*m + 32, -m + 4*q + 2 = 0. Let x be -2 + 4 - (-1)/1. Let g = x - m. Is g a multiple of 4?
False
Suppose -2*q - 5 = -4*a + 9, 0 = 5*q + 25. Suppose 2*l = a - 3. Is 14 a factor of (l + (-9)/(-2))*16?
True
Let y = 6636 - 2729. Is y a multiple of 10?
False
Let y(b) = b**3 + 5*b**2 - 61*b + 24. Is 25 a factor of y(-10)?
False
Let t(d) = 4*d + 132. Does 9 divide t(-22)?
False
Suppose 2*m - 4 - 6 = 0. Does 46 divide (-1)/2*(m - 627 - 4)?
False
Let k(j) be the third derivative of 0*j - 3/8*j**4 + 0 + 6*j**2 - 7/3*j**3. Is k(-9) a multiple of 10?
False
Let h be (-9)/2*20/3. Let k be -2 - (6/2)/(-1). Is 2/(-6)*k*h a multiple of 4?
False
Let g(i) = 81*i**2 - 52*i - 226. Is g(-4) a multiple of 18?
True
Let q = 993 + -815. Does 89 divide q?
True
Let u = 102 + -90. Suppose -u*c + 7*c + 150 = 0. Is c a multiple of 5?
True
Let k(b) = 2*b**3 + 36*b**2 - 8*b - 36. Is 62 a factor of k(-16)?
True
Let o(x) = 116*x + 348. Is o(17) a multiple of 5?
True
Suppose -3*l + 2*y - 5*y = -489, -2*y - 148 = -l. Is 15 a factor of l?
False
Let y(a) = -a**2 + 4*a + 5. Let f be y(5). Suppose -5*t + 17 = 4*q - 151, 5*t = f. Is q a multiple of 7?
True
Let d be (-2)/(-4) + 413/(-14). Let m = d + 31. Suppose -3*n = m*n - 280. Is 14 a factor of n?
True
Let c(w) = -w**3 + 14*w**2 - w - 7. Let l be c(14). Let g = l - -13. Let s = g - -36. Is s a multiple of 14?
True
Let t = -10 + 22. Is (t/(-10))/((-2)/125) a multiple of 11?
False
Let k(r) = 6*r - 3. Let p be k(1). Let b = 2 + -2. Suppose p*c - 5*c + 78 = b. Is c a multiple of 11?
False
Let l(g) = -g**3 - 4*g**2 - 8*g - 2. Suppose 0 = -5*b + 5*k, -b - 3*k = 2*b + 24. Does 11 divide l(b)?
False
Let q(o) = 75*o - 5. Let r(a) = -25*a + 2. Let i(c) = 6*q(c) + 17*r(c). Let t be i(12). Suppose -t = -y - 3*y. Does 10 divide y?
False
Let i(j) = -j**3 - 4*j**2 - 3*j + 4. Let m be i(-3). Suppose 803 - 229 = m*p - 3*u, 2 = -u. Does 7 divide (-2)/10 - p/(-10)?
True
Suppose -3*s - 3 = 0, 2*s - 2 = -4*d - 0. Is 2 + d + -3*370/(-15) a multiple of 23?
False
Let p = 43 + -105. Let o = 70 + p. Is o a multiple of 4?
True
Suppose -2*z - 370 = 8*z. Let a = 189 + z. Is a a multiple of 38?
True
Let k be 5/2*224/40. Is (-1)/((k/(-156))/7) a multiple of 6?
True
Let y(d) = 3 - d**2 - 4*d**2 - d**3 + 13*d**2 + 9*d. Is 25 a factor of y(8)?
True
Let o(a) = -38*a - 125. Does 7 divide o(-13)?
False
Suppose -3*y = -3, -2*t - y = 2*t - 897. Let u = t + -152. Is 20 a factor of u?
False
Let u(m) = -m**3 - 7*m**2 - 2*m - 4. Suppose 16*d = 15*d - 7. Is 5 a factor of u(d)?
True
Let j(r) = -r**2 + 6*r - 7. Let p(f) = 2*f**2 - 11*f + 13. Let i(t) = 5*j(t) + 2*p(t). Let v be i(7). Let a(u) = -24*u - 1. Is 17 a factor of a(v)?
False
Let l = -15 - -6. Let r(i) = i**2 + 9*i + 6. Let u be r(l). Suppose 3*o = u*o - 21. Is o a multiple of 3?
False
Suppose -3*z - 4*k + 53 = 0, 0 = 4*z - 3*z - k - 6. Let i = -6 + z. Suppose 5*h + i*b = 135, 4*b = -4*h + 5*b + 123. Does 15 divi